 9086453
List the prime factors of 598612371.
3, 7, 67, 60779
List the prime factors of 40629591.
3, 313, 14423
List the prime factors of 3531589691.
7, 72073259
What are the prime factors of 209224465?
5, 653, 64081
List the prime factors of 526269063.
3, 1493, 117497
List the prime factors of 359475228.
2, 3, 7, 1426489
List the prime factors of 7183580051.
7183580051
What are the prime factors of 83320109?
89, 936181
What are the prime factors of 3759667379?
13, 289205183
List the prime factors of 89049329.
31, 2872559
List the prime factors of 160066543.
7, 13, 17, 107, 967
What are the prime factors of 250748585?
5, 317, 158201
List the prime factors of 1870264015.
5, 73, 5124011
List the prime factors of 227623315.
5, 5051, 9013
What are the prime factors of 107544945?
3, 5, 7169663
List the prime factors of 134018527.
373, 359299
What are the prime factors of 14448987?
3, 7, 19, 12071
List the prime factors of 72614350.
2, 5, 37, 39251
What are the prime factors of 2700272808?
2, 3, 97, 128879
What are the prime factors of 194648639?
97, 457, 4391
List the prime factors of 225153278.
2, 7, 16082377
What are the prime factors of 45097965?
3, 5, 11, 53, 191
List the prime factors of 65347673.
1531, 42683
What are the prime factors of 2197182820?
2, 5, 7, 3617, 4339
What are the prime factors of 966701068?
2, 71, 3403877
List the prime factors of 958450861.
958450861
What are the prime factors of 11133960?
2, 3, 5, 31, 41, 73
What are the prime factors of 249003489?
3, 7, 2851, 4159
List the prime factors of 236819044.
2, 7, 11, 17, 31, 1459
List the prime factors of 2757084320.
2, 5, 43, 400739
What are the prime factors of 156213106?
2, 7, 359, 31081
What are the prime factors of 5493506012?
2, 1373376503
List the prime factors of 1683244418.
2, 191, 1039, 4241
What are the prime factors of 232874209?
53, 4393853
List the prime factors of 828460593.
3, 1747, 52691
List the prime factors of 49698193.
23, 157, 13763
What are the prime factors of 448256250?
2, 3, 5, 13, 613
List the prime factors of 228188301.
3, 11, 6914797
What are the prime factors of 73159179?
3, 283, 86171
What are the prime factors of 1061994329?
11, 677, 142607
List the prime factors of 17342981.
31, 559451
List the prime factors of 1655451854.
2, 7, 37, 59, 54167
List the prime factors of 3673529126.
2, 277, 6630919
What are the prime factors of 38529238?
2, 11, 167, 10487
List the prime factors of 1007980243.
43, 23441401
What are the prime factors of 2097624264?
2, 3, 87401011
What are the prime factors of 922862298?
2, 3, 547, 281189
List the prime factors of 1458680810.
2, 5, 181, 805901
What are the prime factors of 1810641885?
3, 5, 13, 9285343
What are the prime factors of 553308807?
3, 937, 196837
List the prime factors of 61757627.
1061, 58207
List the prime factors of 70620808.
2, 607, 14543
List the prime factors of 185914676.
2, 131, 354799
List the prime factors of 89119627.
17, 433, 12107
List the prime factors of 14486369.
14486369
List the prime factors of 300876934.
2, 43, 137, 25537
What are the prime factors of 110430220?
2, 5, 41, 137, 983
What are the prime factors of 1992351353?
59, 223, 151429
What are the prime factors of 392593260?
2, 3, 5, 53, 123457
What are the prime factors of 2362382093?
2362382093
List the prime factors of 711226978.
2, 7, 11, 4618357
List the prime factors of 2308882335.
3, 5, 153925489
List the prime factors of 43506141.
3, 7, 2071721
What are the prime factors of 132972724?
2, 33243181
What are the prime factors of 1376028556?
2, 7, 49143877
List the prime factors of 222314430.
2, 3, 5, 13, 3373
What are the prime factors of 21494798?
2, 13, 826723
What are the prime factors of 225786503?
17, 79, 89, 1889
What are the prime factors of 54386218?
2, 27193109
List the prime factors of 132798938.
2, 1471, 45139
What are the prime factors of 254210142?
2, 3, 42368357
List the prime factors of 1879457.
131, 14347
List the prime factors of 44415664.
2, 823, 3373
What are the prime factors of 621577911?
3, 37, 103, 54367
What are the prime factors of 7632503785?
5, 127, 12019691
List the prime factors of 5014205099.
19457, 257707
What are the prime factors of 237679305?
3, 5, 37, 428251
What are the prime factors of 20514013?
13, 1578001
List the prime factors of 117269564.
2, 67, 71, 6163
What are the prime factors of 925291149?
3, 308430383
What are the prime factors of 3840702819?
3, 1280234273
List the prime factors of 1174638835.
5, 3617, 64951
List the prime factors of 54267206.
2, 7, 553747
What are the prime factors of 31436221?
1031, 30491
List the prime factors of 59474697.
3, 19824899
List the prime factors of 217243768.
2, 7, 3879353
What are the prime factors of 300994388?
2, 75248597
List the prime factors of 172457509.
7, 19, 71, 2609
List the prime factors of 36311651.
43, 844457
List the prime factors of 386166028.
2, 2879, 33533
What are the prime factors of 12775027?
37, 345271
What are the prime factors of 1388982558?
2, 3, 23, 10065091
List the prime factors of 155612020.
2, 5, 23, 338287
List the prime factors of 4909580776.
2, 613697597
List the prime factors of 2426479543.
2426479543
What are the prime factors of 4131933246?
2, 3, 7, 32793121
What are the prime factors of 3213714673?
13, 3119, 79259
What are the prime factors of 948778447?
6737, 140831
What are the prime factors of 14012921?
13, 1077917
What are the prime factors of 2298430605?
3, 5, 83, 1846129
List the prime factors of 638471630.
2, 5, 19, 37, 90821
List the prime factors of 45388349.
43, 1055543
What are the prime factors of 45147821?
45147821
List the prime factors of 4388188329.
3, 7, 69653783
List the prime factors of 3198206.
2, 11, 37, 3929
List the prime factors of 351759232.
2, 11, 31, 8059
What are the prime factors of 93624384?
2, 3, 7, 69661
What are the prime factors of 146255507?
146255507
List the prime factors of 18089547.
3, 7, 17, 50671
List the prime factors of 4727003231.
113, 41831887
What are the prime factors of 53157812?
2, 29, 41, 11177
List the prime factors of 657792900.
2, 3, 5, 17, 281
What are the prime factors of 4467822?
2, 3, 744637
What are the prime factors of 101003034?
2, 3, 11, 1530349
List the prime factors of 592238028.
2, 3, 659, 74891
List the prime factors of 1637987647.
47, 421, 82781
What are the prime factors of 238611080?
2, 5, 347, 17191
What are the prime factors of 116429128?
2, 23, 53, 11939
What are the prime factors of 531255849?
3, 9241, 19163
List the prime factors of 76982543.
11, 41, 131, 1303
What are the prime factors of 294316907?
37, 2297, 3463
What are the prime factors of 3160753031?
89, 2687, 13217
List the prime factors of 32695688.
2, 373, 10957
What are the prime factors of 8306997625?
5, 479, 138739
List the prime factors of 1892017703.
17, 111295159
What are the prime factors of 28406147?
7, 11, 368911
List the prime factors of 1042317407.
24077, 43291
List the prime factors of 83741330.
2, 5, 8374133
What are the prime factors of 115447150?
2, 5, 7, 13, 25373
List the prime factors of 629699024.
2, 39356189
List the prime factors of 184803618.
2, 3, 2917, 10559
What are the prime factors of 224630149?
224630149
What are the prime factors of 445476425?
5, 151, 199, 593
List the prime factors of 143996445.
3, 5, 23, 263
List the prime factors of 2709334856.
2, 338666857
List the prime factors of 30519460.
2, 5, 727, 2099
List the prime factors of 244978113.
3, 81659371
List the prime factors of 30590439.
3, 11, 926983
List the prime factors of 14205771.
3, 131, 12049
List the prime factors of 295455518.
2, 147727759
What are the prime factors of 550505861?
2017, 272933
List the prime factors of 232831677.
3, 13, 17, 351179
List the prime factors of 83118494.
2, 41559247
What are the prime factors of 533834674?
2, 4289, 62233
What are the prime factors of 4672655569?
41, 113967209
What are the prime factors of 106973770?
2, 5, 761, 14057
List the prime factors of 228652409.
5197, 43997
What are the prime factors of 2285050149?
3, 84631487
What are the prime factors of 207547250?
2, 5, 59, 14071
List the prime factors of 345411335.
5, 53, 1303439
List the prime factors of 134411406.
2, 3, 101, 293, 757
List the prime factors of 98594493.
3, 32864831
List the prim